{"id":51,"date":"2026-04-13T15:20:42","date_gmt":"2026-04-13T15:20:42","guid":{"rendered":"https:\/\/marmoresegranitosnh.com.br\/?page_id=51"},"modified":"2026-04-13T15:20:43","modified_gmt":"2026-04-13T15:20:43","slug":"fale-conosco-marmores-e-granitos-em-sao-paulo","status":"publish","type":"page","link":"https:\/\/marmoresegranitosnh.com.br\/index.php\/fale-conosco-marmores-e-granitos-em-sao-paulo\/","title":{"rendered":"Fale Conosco &#8211; M\u00e1rmores e Granitos em S\u00e3o Paulo"},"content":{"rendered":"\n<p>Solicite seu or\u00e7amento r\u00e1pido e sem compromisso!<\/p>\n\n\n\n<p>Est\u00e1 pensando em fazer sua bancada, cuba, nicho ou qualquer projeto em m\u00e1rmore ou granito?<\/p>\n\n\n\n<p>A <strong>Novo Horizonte M\u00e1rmores e Granitos<\/strong> est\u00e1 pronta para te atender com qualidade, agilidade e pre\u00e7o justo. Entre em contato agora mesmo e solicite seu or\u00e7amento personalizado.<\/p>\n\n\n\n<hr class=\"wp-block-separator has-alpha-channel-opacity\"\/>\n\n\n\n<h3 class=\"wp-block-heading\">\ud83d\udcde <strong>CONTATO R\u00c1PIDO<\/strong><\/h3>\n\n\n\n<p><strong>\ud83d\udcf2 WhatsApp:<\/strong><br>(11) 98110-2236<\/p>\n\n\n\n<p>\ud83d\udc49 <em>Clique no bot\u00e3o abaixo para falar direto com a gente:<\/em><\/p>\n\n\n\n<div class=\"wp-block-buttons is-content-justification-center is-layout-flex wp-container-core-buttons-is-layout-a89b3969 wp-block-buttons-is-layout-flex\">\n<div class=\"wp-block-button has-custom-width wp-block-button__width-25\"><a class=\"wp-block-button__link wp-element-button\" href=\"https:\/\/wa.me\/5511981102236?text=Preciso de Or\u00e7amento\" target=\"_blank\" rel=\"noreferrer noopener\">Fale Conosco<\/a><\/div>\n<\/div>\n\n\n\n<hr class=\"wp-block-separator has-alpha-channel-opacity\"\/>\n\n\n\n<h3 class=\"wp-block-heading\">\ud83d\udccd <strong>\u00c1REA DE ATENDIMENTO<\/strong><\/h3>\n\n\n\n<p>Atendemos toda a regi\u00e3o da <strong>Zona Leste de S\u00e3o Paulo<\/strong>, incluindo:<\/p>\n\n\n\n<ul class=\"wp-block-list\">\n<li>Aricanduva<\/li>\n\n\n\n<li>Itaquera<\/li>\n\n\n\n<li>S\u00e3o Mateus<\/li>\n\n\n\n<li>Tatuap\u00e9<\/li>\n\n\n\n<li>Penha<\/li>\n\n\n\n<li>Vila Formosa<\/li>\n\n\n\n<li>Santo Andr\u00e9<\/li>\n\n\n\n<li>S\u00e3o Bernardo do Campo<\/li>\n\n\n\n<li>S\u00e3o Miguel<\/li>\n\n\n\n<li>S\u00e3o Caetano do Sul<\/li>\n\n\n\n<li>Guarulhos<\/li>\n\n\n\n<li>Atibaia<\/li>\n\n\n\n<li>Toda S\u00e3o Paulo e Regi\u00e3o Metropolitana<\/li>\n<\/ul>\n\n\n\n<hr class=\"wp-block-separator has-alpha-channel-opacity\"\/>\n\n\n\n<h3 class=\"wp-block-heading\">\ud83d\udce9 Solicite seu Or\u00e7amento<\/h3>\n\n\n\n<p>Preencha o formul\u00e1rio abaixo e nossa equipe entrar\u00e1 em contato o mais r\u00e1pido poss\u00edvel.<\/p>\n\n\n\n<div class=\"wp-block-contact-form-7-contact-form-selector\">\n<div class=\"wpcf7 no-js\" id=\"wpcf7-f50-o1\" lang=\"pt-BR\" dir=\"ltr\" data-wpcf7-id=\"50\">\n<div class=\"screen-reader-response\"><p role=\"status\" aria-live=\"polite\" aria-atomic=\"true\"><\/p> <ul><\/ul><\/div>\n<form action=\"\/index.php\/wp-json\/wp\/v2\/pages\/51#wpcf7-f50-o1\" method=\"post\" class=\"wpcf7-form init\" aria-label=\"Formul\u00e1rios de contato\" novalidate=\"novalidate\" data-status=\"init\">\n<fieldset class=\"hidden-fields-container\"><input type=\"hidden\" name=\"_wpcf7\" value=\"50\" \/><input type=\"hidden\" name=\"_wpcf7_version\" value=\"6.1.5\" \/><input type=\"hidden\" name=\"_wpcf7_locale\" value=\"pt_BR\" \/><input type=\"hidden\" name=\"_wpcf7_unit_tag\" value=\"wpcf7-f50-o1\" \/><input type=\"hidden\" name=\"_wpcf7_container_post\" value=\"0\" \/><input type=\"hidden\" name=\"_wpcf7_posted_data_hash\" value=\"\" \/>\n<\/fieldset>\n<p><label> Seu nome<br \/>\n<span class=\"wpcf7-form-control-wrap\" data-name=\"your-name\"><input size=\"40\" maxlength=\"400\" class=\"wpcf7-form-control wpcf7-text wpcf7-validates-as-required\" autocomplete=\"name\" aria-required=\"true\" aria-invalid=\"false\" value=\"\" type=\"text\" name=\"your-name\" \/><\/span> <\/label>\n<\/p>\n<p><label> Seu e-mail<br \/>\n<span class=\"wpcf7-form-control-wrap\" data-name=\"your-email\"><input size=\"40\" maxlength=\"400\" class=\"wpcf7-form-control wpcf7-email wpcf7-validates-as-required wpcf7-text wpcf7-validates-as-email\" autocomplete=\"email\" aria-required=\"true\" aria-invalid=\"false\" value=\"\" type=\"email\" name=\"your-email\" \/><\/span> <\/label>\n<\/p>\n<p><label> Assunto<br \/>\n<span class=\"wpcf7-form-control-wrap\" data-name=\"your-subject\"><input size=\"40\" maxlength=\"400\" class=\"wpcf7-form-control wpcf7-text wpcf7-validates-as-required\" aria-required=\"true\" aria-invalid=\"false\" value=\"\" type=\"text\" name=\"your-subject\" \/><\/span> <\/label>\n<\/p>\n<p><label> Sua mensagem (opcional)<br \/>\n<span class=\"wpcf7-form-control-wrap\" data-name=\"your-message\"><textarea cols=\"40\" rows=\"10\" maxlength=\"2000\" class=\"wpcf7-form-control wpcf7-textarea\" aria-invalid=\"false\" name=\"your-message\"><\/textarea><\/span> <\/label>\n<\/p>\n<p><input class=\"wpcf7-form-control wpcf7-submit has-spinner\" type=\"submit\" value=\"Enviar\" \/>\n<\/p><div class=\"wpcf7-response-output\" aria-hidden=\"true\"><\/div>\n<\/form>\n<\/div>\n<\/div>\n","protected":false},"excerpt":{"rendered":"<p>Solicite seu or\u00e7amento r\u00e1pido e sem compromisso! Est\u00e1 pensando em fazer sua bancada, cuba, nicho ou qualquer projeto em m\u00e1rmore ou granito? A Novo Horizonte M\u00e1rmores e Granitos est\u00e1 pronta para te atender com qualidade, agilidade e pre\u00e7o justo. Entre em contato agora mesmo e solicite seu or\u00e7amento personalizado. \ud83d\udcde CONTATO R\u00c1PIDO \ud83d\udcf2 WhatsApp:(11) 98110-2236 [&hellip;]<\/p>\n","protected":false},"author":1,"featured_media":0,"parent":0,"menu_order":0,"comment_status":"closed","ping_status":"closed","template":"","meta":{"footnotes":""},"class_list":["post-51","page","type-page","status-publish","hentry"],"aioseo_notices":[],"_links":{"self":[{"href":"https:\/\/marmoresegranitosnh.com.br\/index.php\/wp-json\/wp\/v2\/pages\/51","targetHints":{"allow":["GET"]}}],"collection":[{"href":"https:\/\/marmoresegranitosnh.com.br\/index.php\/wp-json\/wp\/v2\/pages"}],"about":[{"href":"https:\/\/marmoresegranitosnh.com.br\/index.php\/wp-json\/wp\/v2\/types\/page"}],"author":[{"embeddable":true,"href":"https:\/\/marmoresegranitosnh.com.br\/index.php\/wp-json\/wp\/v2\/users\/1"}],"replies":[{"embeddable":true,"href":"https:\/\/marmoresegranitosnh.com.br\/index.php\/wp-json\/wp\/v2\/comments?post=51"}],"version-history":[{"count":1,"href":"https:\/\/marmoresegranitosnh.com.br\/index.php\/wp-json\/wp\/v2\/pages\/51\/revisions"}],"predecessor-version":[{"id":52,"href":"https:\/\/marmoresegranitosnh.com.br\/index.php\/wp-json\/wp\/v2\/pages\/51\/revisions\/52"}],"wp:attachment":[{"href":"https:\/\/marmoresegranitosnh.com.br\/index.php\/wp-json\/wp\/v2\/media?parent=51"}],"curies":[{"name":"wp","href":"https:\/\/api.w.org\/{rel}","templated":true}]}}